13) + (1 + -17)/q. What is g(o)?
-13
Let g(t) = 2*t**3 + 2*t**2 - 10*t - 19. Let j be g(-2). Let s(w) = 2*w**2 + 5*w - 2. What is s(j)?
61
Let b(c) = 48*c - 4. Let t = 14223 + -14223. Give b(t).
-4
Let b(j) = -4*j - 39. Let q(v) = 4*v + 38. Let z(f) = -4*b(f) - 5*q(f). Give z(-10).
6
Let j(y) = 55 - y - 122 + 171. Give j(0).
104
Let v = -4 + 8. Let b(w) = 2 + 3*w**2 + 2 - 3*w - v*w**2. Let s be ((-3)/6)/(-1*1/(-10)). Calculate b(s).
-6
Suppose 5*b = -3*z + 31, 4*z = 5*b - 9 - 8. Suppose -b*k - 10*k + 90 = 0. Let u(n) = -3*n + 8. What is u(k)?
-10
Let i be (33/9 + -4)*-15. Let x be (-9)/(-9)*i*1. Let n(h) = -7 + 4*h - x*h + 9. Give n(2).
0
Let p(l) be the third derivative of l**4/24 + 5*l**3/3 - 1924*l**2. What is p(-20)?
-10
Suppose 110 - 128 = -6*a. Let c(h) = -2*h - a*h**3 - 2836*h**2 - 2 - 3*h**3 + 2835*h**2. What is c(-1)?
5
Let y(c) = c**3 - c**2 - 3*c + 1. Let q be (9/12)/((-9)/36) + (-15)/(-3). Calculate y(q).
-1
Suppose 18*h - 504 = -18*h. Let u(j) = -3*j + 31. Give u(h).
-11
Let v(g) = 6*g**2 - g + 7. Let s = 126 - 112. Let z(o) = 2 - s*o**2 + 15*o**2 - 2. Let c(f) = v(f) - 5*z(f). What is c(5)?
27
Suppose 2*s = 5*a, -5*a + s = -23 + 18. Suppose -3*r = -2*w + 11, -6*r - a*w - 19 = -3*r. Let g(f) = f**3 + 5*f**2 - 8*f - 6. What is g(r)?
34
Let f(n) = n**3 - 2*n**2 + 4*n - 6. Let l be f(2). Let w(g) = -65*g**l + 63*g**2 + 3 - 2. Determine w(-2).
-7
Let u(n) be the third derivative of -1/6*n**3 - 8 + 0*n - 1/60*n**5 - n**2 + 0*n**4. Let g = -7 + 4. Calculate u(g).
-10
Let w = 514 + -483. Suppose -62*h - w = -31*h. Let l(m) = 29*m**2 - m - 1. What is l(h)?
29
Suppose 1258 = 16*c - 438. Let w = 100 - c. Let b(f) = -12*f**2 - 7*f - 16*f**2 - f + 27*f**2 - 7. Determine b(w).
5
Let y(x) = 2 - 50*x**3 + 20*x - 17*x + 51*x**3 - 9*x**2 + 2. Give y(9).
31
Let n(d) = -13*d**3 - 4*d + 4. Let i(v) = 28*v**3 - v**2 + 8*v - 8. Let j(q) = 6*i(q) + 13*n(q). Suppose 5*z - 2*z = -15. What is j(z)?
-1
Let d(n) = 6*n**3 + 37*n**2 - 50*n - 19. Let q(z) = z**3 + 6*z**2 - 8*z - 3. Let g(f) = 2*d(f) - 13*q(f). Give g(-6).
49
Suppose 83*d + 8 = 87*d. Let b(k) = 2 + 2*k - 6*k + 748*k**2 + 6 - 747*k**d. Let s = 8 - 2. Determine b(s).
20
Let q(v) = -5*v**2 + 22*v + 69. Let r(k) = 6*k**2 - 26*k - 73. Let w(u) = 7*q(u) + 6*r(u). What is w(0)?
45
Let r be 7/(-2)*(-108)/126 - -8. Let g(o) = -o**3 + 12*o**2 - 8*o + 5. Calculate g(r).
38
Let t = -1366 - -1368. Let h(o) = 5*o - 1. Let p be h(2). Suppose z - p = -t. Let c(f) = -f**2 + 8*f - 2. Give c(z).
5
Let l be ((-2)/(-9))/(15/135). Suppose -b + 2*b + l = -a, -3*b + a = -6. Let d(h) = 12*h**2 + 6. Let x(o) = -1. Let s(i) = d(i) + 5*x(i). What is s(b)?
13
Let z(r) = -r**2 - 16*r - 50. Let x be z(-10). Let i(a) = -43*a + 7*a**2 + 9*a**3 + 9 + 43*a - x*a**3. Determine i(7).
9
Let d(n) = -2*n**2 - 8*n + 1. Suppose 2*i + 9 = -i. Let q be d(i). Let z be 30/q - (-2)/(-7). Let c(s) = -s**3 + 3*s**2 + 4*s - 5. What is c(z)?
-5
Suppose -130 = 86*b + 386. Let h(f) = f**2 + 14*f + 29. Calculate h(b).
-19
Let o(f) be the third derivative of f**6/120 - f**5/5 + 3*f**4/8 + 8*f**3/3 + 1400*f**2. Calculate o(11).
-6
Let t be -4 + -6 + (0 - -15). Let g(l) = -l - 3. Let y be g(-3). Let k(x) = x + 2*x + y*x**3 + x**3 + 0*x - 6*x**2 + 5. What is k(t)?
-5
Let g(t) be the second derivative of -2*t**3/3 + 19*t**2 - 3034*t. What is g(12)?
-10
Let p = -6 + 7. Let c(f) be the third derivative of -f**6/720 - f**5/120 - 11*f**4/12 - 35*f**2. Let z(l) be the second derivative of c(l). What is z(p)?
-2
Let z(d) be the second derivative of d**4/2 + d**3/3 - d**2/2 + 27*d. Suppose -17*f + 11 = -23. Suppose f = 10*l - 8*l. Give z(l).
7
Let z(y) = 6*y + 79. Let p(i) = i**3 - 25*i**2 - 8*i + 185. Let c be p(25). Determine z(c).
-11
Let r(p) = -p**3 + 64*p**2 - 124*p - 7. Let d be r(62). Let m(l) = l**3 + 6*l**2 - 5*l. What is m(d)?
-14
Let m(o) be the second derivative of -o**4/12 - 3*o**3/2 + 7*o**2/2 + 2*o - 1951. Determine m(-6).
25
Let s be ((-6)/(-4)*(-60)/(-75))/(10/(-25)). Let p(m) = m**2 + 7*m + 1. What is p(s)?
-11
Let w(a) = 282*a**2 + 344*a**2 - 627*a**2 + 134 + 10*a. What is w(-8)?
-10
Let r(a) = a**2 - a - 16. Suppose 4*g + 43 = -23*d + 20*d, 4*d + 27 = -g. Give r(d).
14
Let c(i) = -i**2 + 19*i + 14. Let h be c(14). Suppose -7*o + 63 = -h. Let v(n) = o + 2*n - 21. Give v(5).
10
Suppose -h = h + 4. Let s be h/(124/116 + -1). Let z = s + 38. Let j(u) = u - 11. Give j(z).
-2
Suppose 2*x - 11 = -1. Let c(n) be the first derivative of -n**4/4 + 4*n**3/3 + 3*n**2/2 + 1696. Give c(x).
-10
Let t(s) = -1 + 18*s + 3 + 8*s - 33*s + 4*s. Let g = 10 - 4. What is t(g)?
-16
Let a = -9038 - -9043. Let r(x) = -x**2 + 15*x - 52. Give r(a).
-2
Let s(a) = a**3 - 12*a**2 - 3. Let d be 76/26 + (-73)/(-949). Suppose 0 = d*b + 40 - 76. What is s(b)?
-3
Let a(q) = -2*q**2 + 16*q + 77. Let c be a(-3). Let d(w) = -w**2 + 13*w - 26. Calculate d(c).
-4
Let u(c) be the first derivative of 4/3*c**3 - 1/2*c**2 + 3*c + 1/4*c**4 - 17. Give u(-4).
7
Suppose 1945 = f + 1953. Let z(r) = 8*r + 3*r**3 + 2*r**2 - 4*r**3 - 9*r**2. Calculate z(f).
0
Let v be ((-396)/(-378))/(8/84). Let b(j) = -30*j + 336. Determine b(v).
6
Let x(t) = -3*t - 46. Let c be x(-21). Suppose -c*o + 8*o = 36. Let n(a) = a**3 + 7*a**2 + 5*a + 6. Give n(o).
34
Suppose k = -3*s + 8, -25*k = -23*k - 10. Let a(i) = -12*i**3. Determine a(s).
-12
Suppose 0 = -3*w - 4*z - 8 + 3, -2*z + 15 = 5*w. Let n(l) = -3 - 3*l**2 + 457*l**3 - 6*l - l**2 - 456*l**3. Give n(w).
-8
Let l(q) = -6069*q**2 - q + 3039*q**2 + q + 55 + 3029*q**2. Calculate l(-7).
6
Let u be -31*4/(-7 + 3). Suppose 2*r + 51 = 3*o - u, -o = 4*r + 192. Let i = 41 + r. Let d(b) = -b - 4. Calculate d(i).
2
Suppose -5*c + 12 = -2*a, 4*a + 454 = -4*c + 458. Let l(v) be the first derivative of 41 + 1/2*v**c - 5*v. What is l(0)?
-5
Let g(l) = 6*l - 1. Let n be g(1). Let j(b) = -17331 + b**2 - 17339 - 7*b + 34675. Determine j(n).
-5
Let f(w) = -21*w**3 + w + 1. Let s(g) = -230 + 64*g - 90 - 1. Let a be s(5). What is f(a)?
21
Let q = 33 + -21. Let f be 24/10 + q/(-30). Let y(k) = 47*k - 8 - 2*k**2 + k**f - 57*k. What is y(-8)?
8
Let s be (11*2)/(88/55 + -2). Let m = 53 + s. Let k(v) = -v**3 - 2. What is k(m)?
6
Let t(r) = 31*r - r**3 + 7 - 29*r + 185*r**2 - 97*r**2 - 98*r**2. Give t(-10).
-13
Let p(o) = -o**3 + o**2 + o - 27. Let z be (0/(-1 + 4)*1)/(-418 - -416). What is p(z)?
-27
Suppose -384 = 16*r - 448. Let y(n) = 2*n**2 - 15*n + 46. Determine y(r).
18
Let p(f) = -20*f - 389. Suppose -8*b = 25*b - 3*b + 570. Give p(b).
-9
Let u(a) = a**3 + 16*a**2 + 1. Suppose 52*k - 22 = 54*k + 2*f, f - 53 = 3*k. What is u(k)?
1
Suppose 5*v + 28*p - 9 = 29*p, 5*v = -5*p + 15. Let w(n) be the third derivative of n**6/120 - n**5/60 + n**4/24 - n**3/3 + n**2. Determine w(v).
4
Let z(v) = 2*v**2 + 234*v + 2524. Let o be z(-12). Let x(b) = -2*b**3 + 7*b**2 + 9*b - 14. Calculate x(o).
6
Let r be 2280/(-1102) + (-2)/(-29). Let i(x) = x**3 + 3*x**2 + x - 2. Calculate i(r).
0
Let j = 834 + -832. Let g(z) = 1. Let d(u) = -1. Let m(o) = o + 1. Let h(l) = -d(l) - 4*m(l). Let f(w) = j*g(w) + h(w). Calculate f(-2).
7
Let l(c) = -25 + 39 + 260*c - 23 - 259*c. Suppose -q = 2*q + 30. Determine l(q).
-19
Let k(z) be the first derivative of -2*z**3/3 - 2*z**2 + 6*z - 1273. Calculate k(-6).
-42
Let j be (-21)/(-42)*(-84)/2. Let n = j + 28. Let i(o) = -o**3 + 6*o**2 + 7*o + 7. What is i(n)?
7
Let u = 3 - 5. Let i(m) be the second derivative of -1/12*m**4 + 1/3*m**3 - 1/2*m**2 - 1 + 60*m. Determine i(u).
-9
Let u(s) = 2*s**3 - 6*s**2 - 22*s + 139. Let l(g) = g**3 - 3*g**2 - 11*g + 68. Let x(a) = -31*l(a) + 15*u(a). What is x(3)?
10
Let n(o) = -o**3 + o + 3. Let d be n(0). Let m be ((-6)/(-24))/(d/(-12)). Let s be -1*(m + (-1 - -1)). Let q(h) = h**3 - 2*h**2 + 1. Determine q(s).
0
Let v(g) be the first derivative of -g**2/2 + 8*g - 470. Give v(-12).
20
Let a(h) = 1. Let w(n) = -3*n - 4. Let o(f) = -3*a(f) - w(f). Let m(j) = -3*j**3 + 5*j**2 + 16*j - 10. Let z be m(3). Calculate o(z).
7
Let g = -12 + 5. Let f = g - -13. Let m(c) = -c**2 + 0*c**2 - f - 80*c + 91*c. Give m(11).
-6
Let q = 168 + -77. Let x = q + -78. Let w(a) = -a**2 + 5 + 0 + 3 - a - x. What is w(0)?
-5
Let k(m) be the third derivative of m**4/24 - 2*m**3 + 4*m**2. Let a = -1164 + 1170. What is k(a)?
-6
Suppose -314 + 118 = 4*